{"id":1896,"date":"2024-09-03T13:07:05","date_gmt":"2024-09-03T12:07:05","guid":{"rendered":"https:\/\/www.ncprotection.com\/?page_id=1896"},"modified":"2024-09-03T14:11:43","modified_gmt":"2024-09-03T12:11:43","slug":"nordic-content-protection-kampen-op-mod-pirat-tv-i-ny-kampagne","status":"publish","type":"page","link":"https:\/\/www.ncprotection.com\/index.php\/nordic-content-protection-kampen-op-mod-pirat-tv-i-ny-kampagne\/","title":{"rendered":"Nordic Content Protection kampen op mod pirat-tv i ny kampagne"},"content":{"rendered":"<div class=\"wpb-content-wrapper\">[vc_row][vc_column][vc_column_text css=&#8221;&#8221;]\r\n<figure class=\"wp-block-image\"><img loading=\"lazy\" decoding=\"async\" width=\"1930\" height=\"1090\" class=\"wp-image-1893\" src=\"https:\/\/www.ncprotection.com\/wp-content\/uploads\/2024\/09\/NCP-Denmark.jpg\" alt=\"\" srcset=\"https:\/\/www.ncprotection.com\/wp-content\/uploads\/2024\/09\/NCP-Denmark.jpg 1930w, https:\/\/www.ncprotection.com\/wp-content\/uploads\/2024\/09\/NCP-Denmark-300x169.jpg 300w, https:\/\/www.ncprotection.com\/wp-content\/uploads\/2024\/09\/NCP-Denmark-1024x578.jpg 1024w, https:\/\/www.ncprotection.com\/wp-content\/uploads\/2024\/09\/NCP-Denmark-768x434.jpg 768w, https:\/\/www.ncprotection.com\/wp-content\/uploads\/2024\/09\/NCP-Denmark-1536x867.jpg 1536w\" sizes=\"auto, (max-width: 1930px) 100vw, 1930px\" \/><\/figure>\r\n\r\n<p><em>Peter Gr\u00f8nborg, Morten Ankerdal, Tom Kristensen, Natasja Crone, Jakob Kjeldbjerg, Olivia Salo og Abdel Aziz Mahmoud i informationskampagne fra NCP<\/em><\/p>\r\n[\/vc_column_text][vc_column_text css=&#8221;&#8221;]\r\n<p><strong>Brugen af ulovlige tv-tjenester stiger dramatisk. Nye tal viser, at 30 procent af danskerne har brugt en ulovlig tjeneste til at se tv-indhold i den seneste m\u00e5ned, og at 860 millioner kroner g\u00e5r direkte ned i lommerne p\u00e5 de kriminelle organisationer, der st\u00e5r bag tv-tjenesterne. Hvad mange ikke ved er, at ulovlig streaming ofte kan v\u00e6re t\u00e6t forbundet med organiseret kriminalitet som narkotika, smugling og prostitution. Nu lancerer Nordic Content Protection en omfattende informationskampagne for at synligg\u00f8re problemet.<\/strong><strong><br \/><\/strong><br \/>\u201dDisse tv-tjenester ser ofte professionelt opbyggede ud, men det mange overser er, at det faktisk er ulovlige tjenester, som stj\u00e6ler andres tv-indhold, og der er ofte forbindelser til den organiserede kriminalitet. Hvis man bruger ulovlige tv-tjenester, risikerer man ikke kun juridiske konsekvenser, men ogs\u00e5 at f\u00e5 malware, at blive udsat for GDPR-overtr\u00e6delser og at betale for en tjeneste, der kan blive lukket ned n\u00e5r som helst\u201d, siger <strong>Stian L\u00f8land<\/strong>, direkt\u00f8r for Nordic Content Protection.<\/p>\r\n<p>Nye tal fra Mediavision viser, at 30 procent svarende til 1,3 millioner danskere har set tv-indhold via en ulovlig tjeneste i den seneste m\u00e5ned, hvilket er en stigning p\u00e5 9 procentpoint fra sidste \u00e5rs allerede h\u00f8je 21 procent.<\/p>\r\n<p>Det st\u00f8rste forbrug sker i aldersgrupperne 15-24 og 25-34, hvor henholdsvis 53 og 58 procent svarer, at de har brugt ulovlige tv-tjenester til at se film, serier eller sport i den seneste m\u00e5ned. Her adskiller Danmark sig fra resten af Norden, som ogs\u00e5 ser det allerh\u00f8jeste forbrug blandt de yngste, men ikke blandt 25-34-\u00e5rige.<\/p>\r\n<p>320.000 husstande siger, at de abonnerer p\u00e5 ulovlige IPTV-tjenester i Danmark. Det betyder 860 millioner kroner i abonnementsindt\u00e6gter for de kriminelle organisationer.<\/p>\r\n<p>Nu lancerer Nordic Content Protection en omfattende informationskampagne for at \u00f8ge bevidstheden om ulovlig streaming. Bag Nordic Content Protection st\u00e5r de store tv- og streamingakt\u00f8rer i Norden, s\u00e5som TV 2, Viaplay, Warner Bros. Discovery og Allente.<\/p>\r\n<p>\u201dUlovlige tv-tjenester p\u00e5virker langt flere akt\u00f8rer end blot tv- og streamingbranchen; i sidste ende p\u00e5virker det hele samfundet. Nu er vi n\u00f8dt til at tage f\u00e6lles krafttag og bek\u00e6mpe dette ud fra forskellige perspektiver og med forskellige midler\u201d, siger Stian L\u00f8land.<\/p>\r\n<p>Kampagnen, hvor tv-v\u00e6rterne Morten Ankerdal, Natasja Crone, Abdel Aziz Mahmoud, Peter Gr\u00f8nborg, Tom Kristensen, Jakob Kjeldbjerg og Olivia Salo medvirker, lanceres i Danmark den 3. september.<\/p>\r\n<p><strong>Kampagnen<\/strong>: <a href=\"https:\/\/www.youtube.com\/@NordicContentProtection-vb3ff\">https:\/\/www.youtube.com\/@NordicContentProtection-vb3ff<\/a><\/p>\r\n<p><strong>Kontakt:<\/strong> <a href=\"mailto:press@ncprotection.com\">press@ncprotection.com<\/a><\/p>\r\n[\/vc_column_text][\/vc_column][\/vc_row][vc_row][vc_column][vc_column_text css=&#8221;&#8221;]\r\n<p><strong>Om Nordic Content Protection:<\/strong><br \/>Nordic Content Protection (NCP) er den f\u00f8rende nordiske anti-pirat-organisation. NCP er en ideel medlemsforening, der har st\u00f8ttet sine medlemmer i tv- og teleindustrien i over 20 \u00e5r med en r\u00e6kke specialiserede l\u00f8sninger inden for teknisk r\u00e5dgivning, efterforskning af forbrydelser, samarbejde med retsh\u00e5ndh\u00e6vende myndigheder, erstatningsaftaler og vidneudsagn i retssager. Hos NCP arbejder erfarne efterforskere med baggrund i de nordiske politistyrker og IT-teknikere. NCP er en uafh\u00e6ngig, professionel og effektiv partner, der har omfattende samarbejder med myndigheder, forsknings- og EU-institutioner og andre partnerorganisationer. L\u00e6s mere p\u00e5 <a href=\"http:\/\/www.ncprotection.com\/\">www.ncprotection.com<\/a>.<\/p>\r\n[\/vc_column_text][\/vc_column][\/vc_row]<\/div>","protected":false},"excerpt":{"rendered":"<p>[vc_row][vc_column][vc_column_text css=&#8221;&#8221;] Peter Gr\u00f8nborg, Morten Ankerdal, Tom Kristensen, Natasja Crone, Jakob Kjeldbjerg, Olivia Salo og Abdel Aziz Mahmoud i informationskampagne fra NCP [\/vc_column_text][vc_column_text css=&#8221;&#8221;] Brugen af ulovlige tv-tjenester stiger dramatisk. Nye tal viser, at 30 procent af danskerne har brugt en ulovlig tjeneste til at se tv-indhold i den seneste m\u00e5ned, og at 860 millioner&hellip;<\/p>\n","protected":false},"author":1,"featured_media":0,"parent":0,"menu_order":0,"comment_status":"closed","ping_status":"closed","template":"","meta":{"footnotes":""},"class_list":["post-1896","page","type-page","status-publish","hentry","entry","no-media"],"_links":{"self":[{"href":"https:\/\/www.ncprotection.com\/index.php\/wp-json\/wp\/v2\/pages\/1896","targetHints":{"allow":["GET"]}}],"collection":[{"href":"https:\/\/www.ncprotection.com\/index.php\/wp-json\/wp\/v2\/pages"}],"about":[{"href":"https:\/\/www.ncprotection.com\/index.php\/wp-json\/wp\/v2\/types\/page"}],"author":[{"embeddable":true,"href":"https:\/\/www.ncprotection.com\/index.php\/wp-json\/wp\/v2\/users\/1"}],"replies":[{"embeddable":true,"href":"https:\/\/www.ncprotection.com\/index.php\/wp-json\/wp\/v2\/comments?post=1896"}],"version-history":[{"count":14,"href":"https:\/\/www.ncprotection.com\/index.php\/wp-json\/wp\/v2\/pages\/1896\/revisions"}],"predecessor-version":[{"id":2071,"href":"https:\/\/www.ncprotection.com\/index.php\/wp-json\/wp\/v2\/pages\/1896\/revisions\/2071"}],"wp:attachment":[{"href":"https:\/\/www.ncprotection.com\/index.php\/wp-json\/wp\/v2\/media?parent=1896"}],"curies":[{"name":"wp","href":"https:\/\/api.w.org\/{rel}","templated":true}]}}